{"id":53,"date":"2021-04-06T15:32:16","date_gmt":"2021-04-06T12:32:16","guid":{"rendered":"http:\/\/moottoripalvelu.fi\/?page_id=53"},"modified":"2022-04-04T22:06:25","modified_gmt":"2022-04-04T19:06:25","slug":"vaihtomoottorialan-laatutasot","status":"publish","type":"page","link":"https:\/\/moottoripalvelu.fi\/index.php\/vaihtomoottorialan-laatutasot\/","title":{"rendered":"Vaihtomoottori"},"content":{"rendered":"\n<h1 class=\"wp-block-heading\">Kaikki vaihtomoottorit eiv\u00e4t ole samanlaisia<\/h1>\n\n\n\n<p>Tehdaskorjattu vaihtomoottori on teollisessa mittakaavassa toimivan yrityksen kunnostama moottori. Termi vaihtomoottori tarkoittaa, ett\u00e4 vanha rikkin\u00e4inen moottori palautetaan valmistajalle osana kauppahintaa. <\/p>\n\n\n\n<h4 class=\"wp-block-heading\">Vaihtomoottorit voidaan jakaa kolmeen p\u00e4\u00e4kategoriaan:<\/h4>\n\n\n\n<ol class=\"wp-block-list\"><li><strong>Uudelleen valmistettu moottori eli remanufactured engine <\/strong><\/li><li><strong>Peruskorjattu moottori eli rebuilt engine<\/strong><\/li><li><strong>Huoltokunnostettu moottori eli refurbished engine<\/strong><\/li><\/ol>\n\n\n\n<h3 class=\"wp-block-heading\">1.  <strong>Uudelleen valmistettu moottori eli remanufactured engine<\/strong><\/h3>\n\n\n\n<p>Korkeinta laatutasoa edustaa uudelleenvalmistus. Vaihdossa palautuvista moottoreista ker\u00e4t\u00e4\u00e4n tietoa, miten alkuper\u00e4ist\u00e4 konstruktiota pit\u00e4\u00e4 parantaa. Valmistajamme kehitt\u00e4\u00e4 jokaista moottorityyppi\u00e4 varten yksil\u00f6llisen valmistusprosessin. Uskallamme sanoa, ett\u00e4 moottorit ovat massatuotettuja alkuper\u00e4iskappaleita tarkemmin tehtyj\u00e4. <\/p>\n\n\n\n<p>Uudelleen valmistettu moottori koneistetaan ja kootaan tarkemmin ja huolellisemmin kuin massatuotettu moottori. Uudellen valmistettavat moottorit tuotetaan piensarjoina, jossa laatua voidaan valvoa massatuotantoa tarkemmin. Huippumodernit CNC-asemat ja laser-mittalaitteet mahdollistavat moottorin kriittisten osien tarkan sovittamisen: esim. kampiakselin laakeroinnit pystyt\u00e4\u00e4n koneistamaan jopa 2\/1000 mm tarkkuudella. Massatuotetuissa moottoreissa ei pyrit\u00e4 edes alle 1\/100 mm tarkkuteen! Moninkertaisesti tarkempi mittaus- ja koneistus tuloutuu k\u00e4ytt\u00e4j\u00e4lle pidemp\u00e4n\u00e4 k\u00e4ytt\u00f6ik\u00e4n\u00e4. Laadun lukkona on kokenut teknikko, joka kokoaa moottorin.<\/p>\n\n\n\n<p>Uudelleen valmistetussa moottorissa kaikki kuluvat osat ovat uusia. Moottorin kalleimmat, ja kest\u00e4vimm\u00e4t osat: sylinteriryhm\u00e4, kampiakseli ja kiertokanget kunnostetaan uutta vastaviksi. Sylinterikansi on uusi, tai uusilla osilla t\u00e4ysin kunnostettu. Tuotannossa kaikki osat koneistetaan haluttuun mittaan ja v\u00e4lykseen.<\/p>\n\n\n\n<p>Alkuper\u00e4ist\u00e4 konstruktiota parannetaan tyyppikohtaisesti esim.  k\u00e4ytt\u00e4m\u00e4ll\u00e4 kehitettyj\u00e4 m\u00e4nti\u00e4, m\u00e4nn\u00e4nrenkaita, laakereita sek\u00e4 mm. muokkaamalla \u00f6ljypumpun asetuksia, laakeriv\u00e4lyksi\u00e4 ja koneistuksen pinnanlaatua jne. Vastaavaan laatutasoon pyrkiv\u00e4t, ja pystyv\u00e4t, vain urheiluautojen ja kilpamoottoreiden valmistajat.<\/p>\n\n\n\n<h3 class=\"wp-block-heading\"><strong>Laatu vaatii asennetta &#8211; ja modernia tekniikkaa<\/strong><\/h3>\n\n\n\n<p>Vaihtomoottoreiden tuotannossa valmistajan kokemus, tekninen osaaminen, ja tuotannon l\u00e4pi kulkeva laatuajattelu ovat ratkaisevassa roolissa. Uudelleenvalmistetun moottorin tulee\u00a0 olla v\u00e4hint\u00e4\u00e4n tehdasuuden moottorin veroinen \u2013 tai parempi. <\/p>\n\n\n\n<p>2000-luvun moottoreiden korkealaatuinen uudelleenvalmistus edellytt\u00e4\u00e4 usein modernin CNC-koneistuksen k\u00e4ytt\u00e4mist\u00e4. Varsinkin 2010 j\u00e4lkeen valmistetuissa moottoreissa tarvitaan jopa 2\/1000 millimetrin mittaus- ja koneistustarkkuutta. T\u00e4llainen tarkkuus onnistuu vain CNC-koneilla ja laser-mittausv\u00e4lineill\u00e4. Perinteinen mikrometri on liian karkea ty\u00f6kalu osaan uusimmista moottoreista.<\/p>\n\n\n\n<p>Tekniikan rinnalla toinen kriittinen elementti on osaava ja sitoutunut henkil\u00f6kunta. Moottorin kokoonpano on vaativaan teollista k\u00e4sity\u00f6t\u00e4, joka edellytt\u00e4\u00e4 kokemusta, huipputy\u00f6kalut ja tinkim\u00e4tt\u00f6m\u00e4n laatuasenteen.<\/p>\n\n\n\n<h3 class=\"wp-block-heading\">2. <strong>Peruskorjattu moottori<\/strong> eli rebuilt engine <\/h3>\n\n\n\n<p>Vaihtomoottori voidaan valmistaa my\u00f6s edullisemmin, ja silti saavuttaa tarkoituksenmukainen laatutaso.  <\/p>\n\n\n\n<p>Peruskorjattu moottori saa kunnostuksessa yleens\u00e4 uusia osakokonaisuuksia kuten m\u00e4nn\u00e4t, venttiilit, laakerit ja tiivisteet. Koneistukset tehd\u00e4\u00e4n perinteisell\u00e4 kalustolla (tarkkuus 1\/100 mm). Laadukaasti peruskorjattu moottori l\u00e4hestyy, tai saavuttaa, tehdasuuden moottorin tason. Vastaavasti hinta on edullisempi kuin uudelleen valmistetussa koneessa. <\/p>\n\n\n\n<h3 class=\"wp-block-heading\">3. Huoltokunnostettu moottori eli refurbished engine <\/h3>\n\n\n\n<p>Kun moottori kunnostetaan tarpeelliselta osin, voidaan puhua huoltokunnostuksesta tai kevyest\u00e4 koneremontista. Yleens\u00e4 uusitaan liian kuluneet ja vialliset osat. Esim. venttiilit vain tarpeelliselta osin, m\u00e4nn\u00e4nrenkaat ja laakerit sek\u00e4 jakop\u00e4\u00e4 tarpeelliselta osin. Hyv\u00e4st\u00e4 l\u00e4ht\u00f6kohdasta aloitettaessa ns. huoltokunnostus voi riitt\u00e4\u00e4 laadukkaaseen lopputulokseen. Kaikkein halvimmat vaihtomoottorit ovat aina huoltokunnostettuja &#8211; eli pienimm\u00e4n ty\u00f6n ja osien m\u00e4\u00e4r\u00e4n kautta valmistettuja.<\/p>\n\n\n\n<h3 class=\"wp-block-heading\">Halvat moottorit eiv\u00e4t ole tiet\u00e4jien tekemi\u00e4 <\/h3>\n\n\n\n<p>Vaihtomoottorin valmistus ei ole taikojen tekemist\u00e4, vaan vaativaa teollista k\u00e4sity\u00f6t\u00e4. Lopputuloksen laatu ja hinta kulkevat k\u00e4si k\u00e4dess\u00e4. Eli: hinta korreloi suoraan uusien osien ja koneistusty\u00f6n m\u00e4\u00e4r\u00e4n ja laadun &#8211; eli lopputuotteen laadun kanssa.  Moottority\u00f6ss\u00e4 halpa hinta saadaan aikaan vain yhdell\u00e4 menetelm\u00e4ll\u00e4: tinkim\u00e4ll\u00e4 lopputuotteen laadusta! <\/p>\n\n\n\n<p>Markkinoiden halvimmat vaihtomoottorit tulevat tuntemattomista pikkupajoista &#8211; ei tehtaista. Hyvin halpa kone voi olla tehty jossain id\u00e4ss\u00e4 &#8211; mutta my\u00f6s Suomessa. Yhteist\u00e4 n\u00e4ille valmistajille on kyky kadota kun halvan moottorin kanssa tulee ongelmia.   <\/p>\n","protected":false},"excerpt":{"rendered":"<p>Kaikki vaihtomoottorit eiv\u00e4t ole samanlaisia Tehdaskorjattu vaihtomoottori on teollisessa mittakaavassa toimivan yrityksen kunnostama moottori. Termi vaihtomoottori tarkoittaa, ett\u00e4 vanha rikkin\u00e4inen moottori palautetaan valmistajalle osana kauppahintaa. Vaihtomoottorit voidaan jakaa kolmeen p\u00e4\u00e4kategoriaan: Uudelleen valmistettu moottori eli remanufactured engine Peruskorjattu moottori eli rebuilt engine Huoltokunnostettu moottori eli refurbished engine 1. Uudelleen valmistettu moottori eli remanufactured engine Korkeinta laatutasoa &hellip;<\/p>\n","protected":false},"author":1,"featured_media":0,"parent":0,"menu_order":0,"comment_status":"closed","ping_status":"closed","template":"","meta":{"footnotes":""},"class_list":["post-53","page","type-page","status-publish","hentry"],"yoast_head":"<!-- This site is optimized with the Yoast SEO plugin v27.3 - https:\/\/yoast.com\/product\/yoast-seo-wordpress\/ -->\n<title>Vaihtomoottori - Moottoripalvelu.fi<\/title>\n<meta name=\"description\" content=\"Uudelleen valmistettu moottori, peruskorjattu moottori ja huoltokunnostettu moottorit edustavat vaihtomoottorialan eri laatutasoja.\" \/>\n<meta name=\"robots\" content=\"index, follow, max-snippet:-1, max-image-preview:large, max-video-preview:-1\" \/>\n<link rel=\"canonical\" href=\"https:\/\/moottoripalvelu.fi\/index.php\/vaihtomoottorialan-laatutasot\/\" \/>\n<meta property=\"og:locale\" content=\"fi_FI\" \/>\n<meta property=\"og:type\" content=\"article\" \/>\n<meta property=\"og:title\" content=\"Vaihtomoottori - Moottoripalvelu.fi\" \/>\n<meta property=\"og:description\" content=\"Uudelleen valmistettu moottori, peruskorjattu moottori ja huoltokunnostettu moottorit edustavat vaihtomoottorialan eri laatutasoja.\" \/>\n<meta property=\"og:url\" content=\"https:\/\/moottoripalvelu.fi\/index.php\/vaihtomoottorialan-laatutasot\/\" \/>\n<meta property=\"og:site_name\" content=\"Moottoripalvelu.fi\" \/>\n<meta property=\"article:modified_time\" content=\"2022-04-04T19:06:25+00:00\" \/>\n<meta name=\"twitter:card\" content=\"summary_large_image\" \/>\n<meta name=\"twitter:label1\" content=\"Arvioitu lukuaika\" \/>\n\t<meta name=\"twitter:data1\" content=\"4 minuuttia\" \/>\n<script type=\"application\/ld+json\" class=\"yoast-schema-graph\">{\"@context\":\"https:\\\/\\\/schema.org\",\"@graph\":[{\"@type\":\"WebPage\",\"@id\":\"https:\\\/\\\/moottoripalvelu.fi\\\/index.php\\\/vaihtomoottorialan-laatutasot\\\/\",\"url\":\"https:\\\/\\\/moottoripalvelu.fi\\\/index.php\\\/vaihtomoottorialan-laatutasot\\\/\",\"name\":\"Vaihtomoottori - Moottoripalvelu.fi\",\"isPartOf\":{\"@id\":\"https:\\\/\\\/moottoripalvelu.fi\\\/#website\"},\"datePublished\":\"2021-04-06T12:32:16+00:00\",\"dateModified\":\"2022-04-04T19:06:25+00:00\",\"description\":\"Uudelleen valmistettu moottori, peruskorjattu moottori ja huoltokunnostettu moottorit edustavat vaihtomoottorialan eri laatutasoja.\",\"breadcrumb\":{\"@id\":\"https:\\\/\\\/moottoripalvelu.fi\\\/index.php\\\/vaihtomoottorialan-laatutasot\\\/#breadcrumb\"},\"inLanguage\":\"fi\",\"potentialAction\":[{\"@type\":\"ReadAction\",\"target\":[\"https:\\\/\\\/moottoripalvelu.fi\\\/index.php\\\/vaihtomoottorialan-laatutasot\\\/\"]}]},{\"@type\":\"BreadcrumbList\",\"@id\":\"https:\\\/\\\/moottoripalvelu.fi\\\/index.php\\\/vaihtomoottorialan-laatutasot\\\/#breadcrumb\",\"itemListElement\":[{\"@type\":\"ListItem\",\"position\":1,\"name\":\"Home\",\"item\":\"https:\\\/\\\/moottoripalvelu.fi\\\/\"},{\"@type\":\"ListItem\",\"position\":2,\"name\":\"Vaihtomoottori\"}]},{\"@type\":\"WebSite\",\"@id\":\"https:\\\/\\\/moottoripalvelu.fi\\\/#website\",\"url\":\"https:\\\/\\\/moottoripalvelu.fi\\\/\",\"name\":\"Moottoripalvelu.fi\",\"description\":\"Moottorit - vaihteistot - kytkimet\",\"publisher\":{\"@id\":\"https:\\\/\\\/moottoripalvelu.fi\\\/#organization\"},\"potentialAction\":[{\"@type\":\"SearchAction\",\"target\":{\"@type\":\"EntryPoint\",\"urlTemplate\":\"https:\\\/\\\/moottoripalvelu.fi\\\/?s={search_term_string}\"},\"query-input\":{\"@type\":\"PropertyValueSpecification\",\"valueRequired\":true,\"valueName\":\"search_term_string\"}}],\"inLanguage\":\"fi\"},{\"@type\":\"Organization\",\"@id\":\"https:\\\/\\\/moottoripalvelu.fi\\\/#organization\",\"name\":\"Moottoripalvelu.fi\",\"url\":\"https:\\\/\\\/moottoripalvelu.fi\\\/\",\"logo\":{\"@type\":\"ImageObject\",\"inLanguage\":\"fi\",\"@id\":\"https:\\\/\\\/moottoripalvelu.fi\\\/#\\\/schema\\\/logo\\\/image\\\/\",\"url\":\"https:\\\/\\\/moottoripalvelu.fi\\\/wp-content\\\/uploads\\\/2021\\\/07\\\/logo_01_450.png\",\"contentUrl\":\"https:\\\/\\\/moottoripalvelu.fi\\\/wp-content\\\/uploads\\\/2021\\\/07\\\/logo_01_450.png\",\"width\":450,\"height\":73,\"caption\":\"Moottoripalvelu.fi\"},\"image\":{\"@id\":\"https:\\\/\\\/moottoripalvelu.fi\\\/#\\\/schema\\\/logo\\\/image\\\/\"}}]}<\/script>\n<!-- \/ Yoast SEO plugin. -->","yoast_head_json":{"title":"Vaihtomoottori - Moottoripalvelu.fi","description":"Uudelleen valmistettu moottori, peruskorjattu moottori ja huoltokunnostettu moottorit edustavat vaihtomoottorialan eri laatutasoja.","robots":{"index":"index","follow":"follow","max-snippet":"max-snippet:-1","max-image-preview":"max-image-preview:large","max-video-preview":"max-video-preview:-1"},"canonical":"https:\/\/moottoripalvelu.fi\/index.php\/vaihtomoottorialan-laatutasot\/","og_locale":"fi_FI","og_type":"article","og_title":"Vaihtomoottori - Moottoripalvelu.fi","og_description":"Uudelleen valmistettu moottori, peruskorjattu moottori ja huoltokunnostettu moottorit edustavat vaihtomoottorialan eri laatutasoja.","og_url":"https:\/\/moottoripalvelu.fi\/index.php\/vaihtomoottorialan-laatutasot\/","og_site_name":"Moottoripalvelu.fi","article_modified_time":"2022-04-04T19:06:25+00:00","twitter_card":"summary_large_image","twitter_misc":{"Arvioitu lukuaika":"4 minuuttia"},"schema":{"@context":"https:\/\/schema.org","@graph":[{"@type":"WebPage","@id":"https:\/\/moottoripalvelu.fi\/index.php\/vaihtomoottorialan-laatutasot\/","url":"https:\/\/moottoripalvelu.fi\/index.php\/vaihtomoottorialan-laatutasot\/","name":"Vaihtomoottori - Moottoripalvelu.fi","isPartOf":{"@id":"https:\/\/moottoripalvelu.fi\/#website"},"datePublished":"2021-04-06T12:32:16+00:00","dateModified":"2022-04-04T19:06:25+00:00","description":"Uudelleen valmistettu moottori, peruskorjattu moottori ja huoltokunnostettu moottorit edustavat vaihtomoottorialan eri laatutasoja.","breadcrumb":{"@id":"https:\/\/moottoripalvelu.fi\/index.php\/vaihtomoottorialan-laatutasot\/#breadcrumb"},"inLanguage":"fi","potentialAction":[{"@type":"ReadAction","target":["https:\/\/moottoripalvelu.fi\/index.php\/vaihtomoottorialan-laatutasot\/"]}]},{"@type":"BreadcrumbList","@id":"https:\/\/moottoripalvelu.fi\/index.php\/vaihtomoottorialan-laatutasot\/#breadcrumb","itemListElement":[{"@type":"ListItem","position":1,"name":"Home","item":"https:\/\/moottoripalvelu.fi\/"},{"@type":"ListItem","position":2,"name":"Vaihtomoottori"}]},{"@type":"WebSite","@id":"https:\/\/moottoripalvelu.fi\/#website","url":"https:\/\/moottoripalvelu.fi\/","name":"Moottoripalvelu.fi","description":"Moottorit - vaihteistot - kytkimet","publisher":{"@id":"https:\/\/moottoripalvelu.fi\/#organization"},"potentialAction":[{"@type":"SearchAction","target":{"@type":"EntryPoint","urlTemplate":"https:\/\/moottoripalvelu.fi\/?s={search_term_string}"},"query-input":{"@type":"PropertyValueSpecification","valueRequired":true,"valueName":"search_term_string"}}],"inLanguage":"fi"},{"@type":"Organization","@id":"https:\/\/moottoripalvelu.fi\/#organization","name":"Moottoripalvelu.fi","url":"https:\/\/moottoripalvelu.fi\/","logo":{"@type":"ImageObject","inLanguage":"fi","@id":"https:\/\/moottoripalvelu.fi\/#\/schema\/logo\/image\/","url":"https:\/\/moottoripalvelu.fi\/wp-content\/uploads\/2021\/07\/logo_01_450.png","contentUrl":"https:\/\/moottoripalvelu.fi\/wp-content\/uploads\/2021\/07\/logo_01_450.png","width":450,"height":73,"caption":"Moottoripalvelu.fi"},"image":{"@id":"https:\/\/moottoripalvelu.fi\/#\/schema\/logo\/image\/"}}]}},"_links":{"self":[{"href":"https:\/\/moottoripalvelu.fi\/index.php\/wp-json\/wp\/v2\/pages\/53","targetHints":{"allow":["GET"]}}],"collection":[{"href":"https:\/\/moottoripalvelu.fi\/index.php\/wp-json\/wp\/v2\/pages"}],"about":[{"href":"https:\/\/moottoripalvelu.fi\/index.php\/wp-json\/wp\/v2\/types\/page"}],"author":[{"embeddable":true,"href":"https:\/\/moottoripalvelu.fi\/index.php\/wp-json\/wp\/v2\/users\/1"}],"replies":[{"embeddable":true,"href":"https:\/\/moottoripalvelu.fi\/index.php\/wp-json\/wp\/v2\/comments?post=53"}],"version-history":[{"count":13,"href":"https:\/\/moottoripalvelu.fi\/index.php\/wp-json\/wp\/v2\/pages\/53\/revisions"}],"predecessor-version":[{"id":13606,"href":"https:\/\/moottoripalvelu.fi\/index.php\/wp-json\/wp\/v2\/pages\/53\/revisions\/13606"}],"wp:attachment":[{"href":"https:\/\/moottoripalvelu.fi\/index.php\/wp-json\/wp\/v2\/media?parent=53"}],"curies":[{"name":"wp","href":"https:\/\/api.w.org\/{rel}","templated":true}]}}