{"id":9,"date":"2021-04-06T11:55:56","date_gmt":"2021-04-06T08:55:56","guid":{"rendered":"http:\/\/moottoripalvelu.fi\/?page_id=9"},"modified":"2025-07-28T13:08:30","modified_gmt":"2025-07-28T10:08:30","slug":"vaihtomoottori-henkiloautot-ja-pakettiautot","status":"publish","type":"page","link":"https:\/\/moottoripalvelu.fi\/","title":{"rendered":"Etusivu"},"content":{"rendered":"\n<h1 class=\"wp-block-heading has-text-align-left\" style=\"font-size:50px\">Vaihtomoottori henkil\u00f6- ja pakettiautoon<\/h1>\n\n\n\n<p class=\"has-medium-font-size\" style=\"line-height:1.5\"><a href=\"https:\/\/moottoripalvelu.fi\/index.php\/tietoa-meista\/\" target=\"_blank\" rel=\"noreferrer noopener\">Moottoripalvelu.fi<\/a> on johtavien L\u00e4nsi-Eurooppalaisten vaihtomoottoritehtaiden edustaja Suomessa. Valikoimastamme l\u00f6ytyy vaihtomoottori l\u00e4hes kaikkiin eurooppalaisiin, japanilaisiin ja korealaisiin merkkeihin vuosimallista 2005 eteenp\u00e4in. <\/p>\n\n\n\n<p class=\"has-medium-font-size\">Tehdaskorjattu, ja uusi moottori toimitetaan aina 12 kk t\u00e4ystakuulla. Valikoidut k\u00e4ytetyt moottorit 6-12 kk takuulla. Olemme tarkkoja laadusta: Ty\u00f6skentelemme huolellisesti valittujen luotettavien valmistajien kanssa, ja toimitamme vain t\u00e4ysin kunnostettuja moottoreita.<\/p>\n\n\n\n<p class=\"has-text-align-center has-large-font-size\" style=\"line-height:1.5\"><a href=\"https:\/\/moottoripalvelu.fi\/index.php\/tarjouspyynto-moottorista\/\" target=\"_blank\" rel=\"noreferrer noopener\"><strong>Klikkaa t\u00e4st\u00e4: Pyyd\u00e4 tarjous vaihtomoottorista <\/strong><\/a><\/p>\n\n\n\n<p class=\"has-text-align-center has-medium-font-size\" style=\"line-height:1.5\"><strong>Puhelinpalvelu 045 1295 005 ma-pe klo 10-17<\/strong><\/p>\n\n\n\n<h3 class=\"wp-block-heading\">Vaihtomoottori avaimet k\u00e4teen -toimituksena<\/h3>\n\n\n\n<p class=\"has-medium-font-size\">Tilaa moottori edullisella osamaksulla. <strong>Rahoitus 6000\u20ac asti, ja vain 4,06% todellinen vuosikorko 12 kk maksuajalla<\/strong>. Verkostossamme on p\u00e4tevi\u00e4 korjaamoita, jotka hallitsevat vaihtomoottorin asentamisen. Tarvittaessa toimitamme vaihtomoottorin asennettuna.<\/p>\n\n\n\n<div class=\"wp-block-columns alignwide is-layout-flex wp-container-core-columns-is-layout-9d6595d7 wp-block-columns-is-layout-flex\">\n<div class=\"wp-block-column is-vertically-aligned-top is-layout-flow wp-block-column-is-layout-flow\">\n<h4 class=\"wp-block-heading has-text-align-center\">Ford EcoBoost<\/h4>\n\n\n\n<figure class=\"wp-block-image size-full\"><img loading=\"lazy\" decoding=\"async\" width=\"400\" height=\"300\" src=\"https:\/\/moottoripalvelu.fi\/wp-content\/uploads\/2021\/08\/m1da_400x300.jpg\" alt=\"Ford Ecoboost -vaihtomoottori\" class=\"wp-image-11871\" srcset=\"https:\/\/moottoripalvelu.fi\/wp-content\/uploads\/2021\/08\/m1da_400x300.jpg 400w, https:\/\/moottoripalvelu.fi\/wp-content\/uploads\/2021\/08\/m1da_400x300-300x225.jpg 300w\" sizes=\"auto, (max-width: 400px) 100vw, 400px\" \/><\/figure>\n\n\n\n<p>Ford Ecoboost 1.0 ja 1.6 -vaihtomoottorit Euroopan Suurimman valmistajan tuotanosta. My\u00f6s 2.0 Ecoboost -moottori kest\u00e4v\u00e4mmill\u00e4 osilla kunnostettuna. <strong><a href=\"https:\/\/moottoripalvelu.fi\/index.php\/tarjouspyynto-moottorista\/\" target=\"_blank\" rel=\"noreferrer noopener\">Pyyd\u00e4 tarjous<\/a><\/strong>.  <\/p>\n<\/div>\n\n\n\n<div class=\"wp-block-column is-layout-flow wp-block-column-is-layout-flow\">\n<h4 class=\"wp-block-heading has-text-align-center\">BMW ja Mini -moottorit<\/h4>\n\n\n\n<figure class=\"wp-block-image size-full\"><img loading=\"lazy\" decoding=\"async\" width=\"400\" height=\"300\" src=\"https:\/\/moottoripalvelu.fi\/wp-content\/uploads\/2021\/08\/BMW_N55_400x300.jpg\" alt=\"BMW N55 -vaihtomoottori\" class=\"wp-image-11872\" srcset=\"https:\/\/moottoripalvelu.fi\/wp-content\/uploads\/2021\/08\/BMW_N55_400x300.jpg 400w, https:\/\/moottoripalvelu.fi\/wp-content\/uploads\/2021\/08\/BMW_N55_400x300-300x225.jpg 300w\" sizes=\"auto, (max-width: 400px) 100vw, 400px\" \/><\/figure>\n\n\n\n<p>Tehdaskorjatut ja uudet BMW ja Mini &#8211; vaihtomoottorit bensa- ja dieselmalleihin. N20, N47, N13 -moottorit jne. <strong><a href=\"https:\/\/moottoripalvelu.fi\/index.php\/tarjouspyynto-moottorista\/\" target=\"_blank\" rel=\"noreferrer noopener\">Pyyd\u00e4 <\/a><a href=\"https:\/\/moottoripalvelu.fi\/index.php\/tarjouspyynto-moottorista\/\">tarjous<\/a><\/strong>. <\/p>\n\n\n\n<p><\/p>\n<\/div>\n\n\n\n<div class=\"wp-block-column is-layout-flow wp-block-column-is-layout-flow\">\n<h4 class=\"wp-block-heading has-text-align-center\">K\u00e4ytetty moottori<\/h4>\n\n\n\n<figure class=\"wp-block-image size-full\"><img loading=\"lazy\" decoding=\"async\" width=\"400\" height=\"300\" src=\"https:\/\/moottoripalvelu.fi\/wp-content\/uploads\/2021\/08\/1300_CDTI_400x300.jpg\" alt=\"\" class=\"wp-image-11873\" srcset=\"https:\/\/moottoripalvelu.fi\/wp-content\/uploads\/2021\/08\/1300_CDTI_400x300.jpg 400w, https:\/\/moottoripalvelu.fi\/wp-content\/uploads\/2021\/08\/1300_CDTI_400x300-300x225.jpg 300w\" sizes=\"auto, (max-width: 400px) 100vw, 400px\" \/><\/figure>\n\n\n\n<p>Valikoitu ja testattu k\u00e4ytetty vaihtomoottori voi olla varteenotettava vaihtoehto. Tarjoamme k\u00e4ytetty\u00e4 moottoria kun se on teknisesti, ja taloudellisesti perusteltavissa oleva ratkaisu. <\/p>\n<\/div>\n<\/div>\n\n\n\n<div class=\"wp-block-columns alignwide is-layout-flex wp-container-core-columns-is-layout-9d6595d7 wp-block-columns-is-layout-flex\">\n<div class=\"wp-block-column is-vertically-aligned-top is-layout-flow wp-block-column-is-layout-flow\">\n<p class=\"has-text-align-center\"><img loading=\"lazy\" decoding=\"async\" width=\"524\" height=\"669\" class=\"wp-image-12449\" style=\"width: 150px\" src=\"https:\/\/moottoripalvelu.fi\/wp-content\/uploads\/2022\/03\/CDH1.jpg\" alt=\"\" srcset=\"https:\/\/moottoripalvelu.fi\/wp-content\/uploads\/2022\/03\/CDH1.jpg 524w, https:\/\/moottoripalvelu.fi\/wp-content\/uploads\/2022\/03\/CDH1-235x300.jpg 235w, https:\/\/moottoripalvelu.fi\/wp-content\/uploads\/2022\/03\/CDH1-300x383.jpg 300w\" sizes=\"auto, (max-width: 524px) 100vw, 524px\" \/><\/p>\n\n\n\n<p>Volkswagen, Audi, Seat ja Skoda -vaihtomoottorit. Tehdaskorjattu VAG-moottori kootaan aina p\u00e4ivitetyill\u00e4 osilla, jotka v\u00e4hent\u00e4v\u00e4t \u00f6ljynkulutusta.<strong> <\/strong><a href=\"https:\/\/moottoripalvelu.fi\/index.php\/tarjouspyynto-moottorista\/\" target=\"_blank\" rel=\"noreferrer noopener\"><strong>Pyyd\u00e4 tarjous<\/strong>.<\/a><\/p>\n<\/div>\n\n\n\n<div class=\"wp-block-column is-layout-flow wp-block-column-is-layout-flow\">\n<p class=\"has-text-align-center\"><img loading=\"lazy\" decoding=\"async\" width=\"2560\" height=\"1920\" class=\"wp-image-13547\" style=\"width: 280px\" src=\"https:\/\/moottoripalvelu.fi\/wp-content\/uploads\/2022\/04\/MB642_1-scaled.jpg\" alt=\"\" srcset=\"https:\/\/moottoripalvelu.fi\/wp-content\/uploads\/2022\/04\/MB642_1-scaled.jpg 2560w, https:\/\/moottoripalvelu.fi\/wp-content\/uploads\/2022\/04\/MB642_1-300x225.jpg 300w, https:\/\/moottoripalvelu.fi\/wp-content\/uploads\/2022\/04\/MB642_1-1024x768.jpg 1024w, https:\/\/moottoripalvelu.fi\/wp-content\/uploads\/2022\/04\/MB642_1-768x576.jpg 768w, https:\/\/moottoripalvelu.fi\/wp-content\/uploads\/2022\/04\/MB642_1-1536x1152.jpg 1536w, https:\/\/moottoripalvelu.fi\/wp-content\/uploads\/2022\/04\/MB642_1-2048x1536.jpg 2048w, https:\/\/moottoripalvelu.fi\/wp-content\/uploads\/2022\/04\/MB642_1-600x450.jpg 600w\" sizes=\"auto, (max-width: 2560px) 100vw, 2560px\" \/><\/p>\n\n\n\n<p>Mercedes-Benz vaihtomoottorit Sprinter ja Vito -hy\u00f6tyajoneuvoihin, ja -henkil\u00f6autoihin. Dieselmoottorit 651, 646 ja 642, sek\u00e4 bensamoottorit. <strong><a href=\"https:\/\/moottoripalvelu.fi\/index.php\/tarjouspyynto-moottorista\/\" target=\"_blank\" rel=\"noreferrer noopener\">Pyyd\u00e4 tarjous<\/a>. <\/strong><\/p>\n\n\n\n<p><\/p>\n<\/div>\n\n\n\n<div class=\"wp-block-column is-layout-flow wp-block-column-is-layout-flow\">\n<h2 class=\"wp-block-heading\"><img loading=\"lazy\" decoding=\"async\" width=\"493\" height=\"658\" class=\"wp-image-12454\" style=\"width: 150px\" src=\"https:\/\/moottoripalvelu.fi\/wp-content\/uploads\/2022\/03\/5FV1.jpg\" alt=\"\" srcset=\"https:\/\/moottoripalvelu.fi\/wp-content\/uploads\/2022\/03\/5FV1.jpg 493w, https:\/\/moottoripalvelu.fi\/wp-content\/uploads\/2022\/03\/5FV1-225x300.jpg 225w, https:\/\/moottoripalvelu.fi\/wp-content\/uploads\/2022\/03\/5FV1-300x400.jpg 300w\" sizes=\"auto, (max-width: 493px) 100vw, 493px\" \/><\/h2>\n\n\n\n<p>Peugeot, Citro\u00ebn ja DS -autojen vaihtomoottorit. <strong> <a href=\"https:\/\/moottoripalvelu.fi\/index.php\/tarjouspyynto-moottorista\/\" target=\"_blank\" rel=\"noreferrer noopener\">Pyyd\u00e4 tarjous<\/a>. <\/strong>Esim. 5FV THP-moottorit yleens\u00e4 heti varastosta. My\u00f6s Peugeot, Citro\u00ebn ja Fiat Ducato -pakettiautot .<\/p>\n<\/div>\n<\/div>\n\n\n\n<figure class=\"wp-block-image size-large is-resized is-style-default\"><img loading=\"lazy\" decoding=\"async\" width=\"1024\" height=\"251\" src=\"https:\/\/moottoripalvelu.fi\/wp-content\/uploads\/2025\/03\/TEXTRIGHT_BLACK_1080x265-1-1024x251.png\" alt=\"\" class=\"wp-image-19954\" style=\"width:596px\" srcset=\"https:\/\/moottoripalvelu.fi\/wp-content\/uploads\/2025\/03\/TEXTRIGHT_BLACK_1080x265-1-1024x251.png 1024w, https:\/\/moottoripalvelu.fi\/wp-content\/uploads\/2025\/03\/TEXTRIGHT_BLACK_1080x265-1-300x74.png 300w, https:\/\/moottoripalvelu.fi\/wp-content\/uploads\/2025\/03\/TEXTRIGHT_BLACK_1080x265-1-768x188.png 768w, https:\/\/moottoripalvelu.fi\/wp-content\/uploads\/2025\/03\/TEXTRIGHT_BLACK_1080x265-1-600x147.png 600w, https:\/\/moottoripalvelu.fi\/wp-content\/uploads\/2025\/03\/TEXTRIGHT_BLACK_1080x265-1.png 1080w\" sizes=\"auto, (max-width: 1024px) 100vw, 1024px\" \/><\/figure>\n\n\n\n<p class=\"has-text-align-center has-medium-font-size\">Moottori toimitetaan suoraan valmistajan tehtaalta korjaamolle. Tehokkaasti, ja ilman  ylim\u00e4\u00e4r\u00e4isi\u00e4 kustannuksia. Vanha moottori palautetaan tehtaalle osana kauppahintaa.<\/p>\n\n\n\n<h5 class=\"wp-block-heading has-text-align-center\" style=\"font-size:20px\">Toimitukset suoraan korjaamolle Schenker Cargo, TNT ja DHL -rahdilla<\/h5>\n\n\n\n<div class=\"wp-block-columns is-layout-flex wp-container-core-columns-is-layout-9d6595d7 wp-block-columns-is-layout-flex\">\n<div class=\"wp-block-column is-layout-flow wp-block-column-is-layout-flow\">\n<div class=\"wp-block-columns is-layout-flex wp-container-core-columns-is-layout-9d6595d7 wp-block-columns-is-layout-flex\">\n<div class=\"wp-block-column is-layout-flow wp-block-column-is-layout-flow\">\n<p><\/p>\n<\/div>\n\n\n\n<div class=\"wp-block-column is-layout-flow wp-block-column-is-layout-flow\">\n<figure class=\"wp-block-image size-full\"><a href=\"https:\/\/www.dbschenker.com\/fi-fi\"><img loading=\"lazy\" decoding=\"async\" width=\"171\" height=\"30\" src=\"https:\/\/moottoripalvelu.fi\/wp-content\/uploads\/2021\/08\/schenker_logo-1.png\" alt=\"\" class=\"wp-image-11859\" \/><\/a><\/figure>\n<\/div>\n\n\n\n<div class=\"wp-block-column is-layout-flow wp-block-column-is-layout-flow\"><div class=\"wp-block-image\">\n<figure class=\"aligncenter size-full\"><a href=\"https:\/\/www.tnt.com\/express\/fi_fi\/site\/home.html\"><img loading=\"lazy\" decoding=\"async\" width=\"83\" height=\"30\" src=\"https:\/\/moottoripalvelu.fi\/wp-content\/uploads\/2021\/08\/tnt_logo-1.png\" alt=\"\" class=\"wp-image-11860\" \/><\/a><\/figure>\n<\/div><\/div>\n\n\n\n<div class=\"wp-block-column is-layout-flow wp-block-column-is-layout-flow\">\n<figure class=\"wp-block-image size-full\"><a href=\"https:\/\/www.dhl.com\/fi-fi\/home.html\"><img loading=\"lazy\" decoding=\"async\" width=\"135\" height=\"30\" src=\"https:\/\/moottoripalvelu.fi\/wp-content\/uploads\/2021\/08\/dhl_logo-1.png\" alt=\"\" class=\"wp-image-11861\" \/><\/a><\/figure>\n<\/div>\n\n\n\n<div class=\"wp-block-column is-layout-flow wp-block-column-is-layout-flow\" style=\"padding-top:0px;padding-right:0px;padding-bottom:0px;padding-left:0px\">\n<p><\/p>\n<\/div>\n<\/div>\n<\/div>\n<\/div>\n","protected":false},"excerpt":{"rendered":"<p>Vaihtomoottori henkil\u00f6- ja pakettiautoon Moottoripalvelu.fi on johtavien L\u00e4nsi-Eurooppalaisten vaihtomoottoritehtaiden edustaja Suomessa. Valikoimastamme l\u00f6ytyy vaihtomoottori l\u00e4hes kaikkiin eurooppalaisiin, japanilaisiin ja korealaisiin merkkeihin vuosimallista 2005 eteenp\u00e4in. Tehdaskorjattu, ja uusi moottori toimitetaan aina 12 kk t\u00e4ystakuulla. Valikoidut k\u00e4ytetyt moottorit 6-12 kk takuulla. Olemme tarkkoja laadusta: Ty\u00f6skentelemme huolellisesti valittujen luotettavien valmistajien kanssa, ja toimitamme vain t\u00e4ysin kunnostettuja moottoreita. Klikkaa &hellip;<\/p>\n","protected":false},"author":1,"featured_media":0,"parent":0,"menu_order":0,"comment_status":"closed","ping_status":"closed","template":"","meta":{"footnotes":""},"class_list":["post-9","page","type-page","status-publish","hentry"],"yoast_head":"<!-- This site is optimized with the Yoast SEO plugin v27.3 - https:\/\/yoast.com\/product\/yoast-seo-wordpress\/ -->\n<title>Etusivu - Moottoripalvelu.fi<\/title>\n<meta name=\"description\" content=\"Vaihtomoottori henkil\u00f6- ja pakettiautoon. Moottoripalvelu.fi edustaa L\u00e4nsi-Euroopan johtavia vaihtomoottoritehtaita Suomessa. Pyyd\u00e4 tarjous.\" \/>\n<meta name=\"robots\" content=\"index, follow, max-snippet:-1, max-image-preview:large, max-video-preview:-1\" \/>\n<link rel=\"canonical\" href=\"https:\/\/moottoripalvelu.fi\/\" \/>\n<meta property=\"og:locale\" content=\"fi_FI\" \/>\n<meta property=\"og:type\" content=\"article\" \/>\n<meta property=\"og:title\" content=\"Etusivu - Moottoripalvelu.fi\" \/>\n<meta property=\"og:description\" content=\"Vaihtomoottori henkil\u00f6- ja pakettiautoon. Moottoripalvelu.fi edustaa L\u00e4nsi-Euroopan johtavia vaihtomoottoritehtaita Suomessa. Pyyd\u00e4 tarjous.\" \/>\n<meta property=\"og:url\" content=\"https:\/\/moottoripalvelu.fi\/\" \/>\n<meta property=\"og:site_name\" content=\"Moottoripalvelu.fi\" \/>\n<meta property=\"article:modified_time\" content=\"2025-07-28T10:08:30+00:00\" \/>\n<meta property=\"og:image\" content=\"https:\/\/moottoripalvelu.fi\/wp-content\/uploads\/2021\/08\/m1da_400x300.jpg\" \/>\n\t<meta property=\"og:image:width\" content=\"400\" \/>\n\t<meta property=\"og:image:height\" content=\"300\" \/>\n\t<meta property=\"og:image:type\" content=\"image\/jpeg\" \/>\n<meta name=\"twitter:card\" content=\"summary_large_image\" \/>\n<meta name=\"twitter:label1\" content=\"Arvioitu lukuaika\" \/>\n\t<meta name=\"twitter:data1\" content=\"4 minuuttia\" \/>\n<script type=\"application\/ld+json\" class=\"yoast-schema-graph\">{\"@context\":\"https:\\\/\\\/schema.org\",\"@graph\":[{\"@type\":\"WebPage\",\"@id\":\"https:\\\/\\\/moottoripalvelu.fi\\\/\",\"url\":\"https:\\\/\\\/moottoripalvelu.fi\\\/\",\"name\":\"Etusivu - Moottoripalvelu.fi\",\"isPartOf\":{\"@id\":\"https:\\\/\\\/moottoripalvelu.fi\\\/#website\"},\"primaryImageOfPage\":{\"@id\":\"https:\\\/\\\/moottoripalvelu.fi\\\/#primaryimage\"},\"image\":{\"@id\":\"https:\\\/\\\/moottoripalvelu.fi\\\/#primaryimage\"},\"thumbnailUrl\":\"https:\\\/\\\/moottoripalvelu.fi\\\/wp-content\\\/uploads\\\/2021\\\/08\\\/m1da_400x300.jpg\",\"datePublished\":\"2021-04-06T08:55:56+00:00\",\"dateModified\":\"2025-07-28T10:08:30+00:00\",\"description\":\"Vaihtomoottori henkil\u00f6- ja pakettiautoon. Moottoripalvelu.fi edustaa L\u00e4nsi-Euroopan johtavia vaihtomoottoritehtaita Suomessa. Pyyd\u00e4 tarjous.\",\"breadcrumb\":{\"@id\":\"https:\\\/\\\/moottoripalvelu.fi\\\/#breadcrumb\"},\"inLanguage\":\"fi\",\"potentialAction\":[{\"@type\":\"ReadAction\",\"target\":[\"https:\\\/\\\/moottoripalvelu.fi\\\/\"]}]},{\"@type\":\"ImageObject\",\"inLanguage\":\"fi\",\"@id\":\"https:\\\/\\\/moottoripalvelu.fi\\\/#primaryimage\",\"url\":\"https:\\\/\\\/moottoripalvelu.fi\\\/wp-content\\\/uploads\\\/2021\\\/08\\\/m1da_400x300.jpg\",\"contentUrl\":\"https:\\\/\\\/moottoripalvelu.fi\\\/wp-content\\\/uploads\\\/2021\\\/08\\\/m1da_400x300.jpg\",\"width\":400,\"height\":300},{\"@type\":\"BreadcrumbList\",\"@id\":\"https:\\\/\\\/moottoripalvelu.fi\\\/#breadcrumb\",\"itemListElement\":[{\"@type\":\"ListItem\",\"position\":1,\"name\":\"Home\",\"item\":\"https:\\\/\\\/moottoripalvelu.fi\\\/\"},{\"@type\":\"ListItem\",\"position\":2,\"name\":\"Etusivu\"}]},{\"@type\":\"WebSite\",\"@id\":\"https:\\\/\\\/moottoripalvelu.fi\\\/#website\",\"url\":\"https:\\\/\\\/moottoripalvelu.fi\\\/\",\"name\":\"Moottoripalvelu.fi\",\"description\":\"Moottorit - vaihteistot - kytkimet\",\"publisher\":{\"@id\":\"https:\\\/\\\/moottoripalvelu.fi\\\/#organization\"},\"potentialAction\":[{\"@type\":\"SearchAction\",\"target\":{\"@type\":\"EntryPoint\",\"urlTemplate\":\"https:\\\/\\\/moottoripalvelu.fi\\\/?s={search_term_string}\"},\"query-input\":{\"@type\":\"PropertyValueSpecification\",\"valueRequired\":true,\"valueName\":\"search_term_string\"}}],\"inLanguage\":\"fi\"},{\"@type\":\"Organization\",\"@id\":\"https:\\\/\\\/moottoripalvelu.fi\\\/#organization\",\"name\":\"Moottoripalvelu.fi\",\"url\":\"https:\\\/\\\/moottoripalvelu.fi\\\/\",\"logo\":{\"@type\":\"ImageObject\",\"inLanguage\":\"fi\",\"@id\":\"https:\\\/\\\/moottoripalvelu.fi\\\/#\\\/schema\\\/logo\\\/image\\\/\",\"url\":\"https:\\\/\\\/moottoripalvelu.fi\\\/wp-content\\\/uploads\\\/2021\\\/07\\\/logo_01_450.png\",\"contentUrl\":\"https:\\\/\\\/moottoripalvelu.fi\\\/wp-content\\\/uploads\\\/2021\\\/07\\\/logo_01_450.png\",\"width\":450,\"height\":73,\"caption\":\"Moottoripalvelu.fi\"},\"image\":{\"@id\":\"https:\\\/\\\/moottoripalvelu.fi\\\/#\\\/schema\\\/logo\\\/image\\\/\"}}]}<\/script>\n<!-- \/ Yoast SEO plugin. -->","yoast_head_json":{"title":"Etusivu - Moottoripalvelu.fi","description":"Vaihtomoottori henkil\u00f6- ja pakettiautoon. Moottoripalvelu.fi edustaa L\u00e4nsi-Euroopan johtavia vaihtomoottoritehtaita Suomessa. Pyyd\u00e4 tarjous.","robots":{"index":"index","follow":"follow","max-snippet":"max-snippet:-1","max-image-preview":"max-image-preview:large","max-video-preview":"max-video-preview:-1"},"canonical":"https:\/\/moottoripalvelu.fi\/","og_locale":"fi_FI","og_type":"article","og_title":"Etusivu - Moottoripalvelu.fi","og_description":"Vaihtomoottori henkil\u00f6- ja pakettiautoon. Moottoripalvelu.fi edustaa L\u00e4nsi-Euroopan johtavia vaihtomoottoritehtaita Suomessa. Pyyd\u00e4 tarjous.","og_url":"https:\/\/moottoripalvelu.fi\/","og_site_name":"Moottoripalvelu.fi","article_modified_time":"2025-07-28T10:08:30+00:00","og_image":[{"width":400,"height":300,"url":"https:\/\/moottoripalvelu.fi\/wp-content\/uploads\/2021\/08\/m1da_400x300.jpg","type":"image\/jpeg"}],"twitter_card":"summary_large_image","twitter_misc":{"Arvioitu lukuaika":"4 minuuttia"},"schema":{"@context":"https:\/\/schema.org","@graph":[{"@type":"WebPage","@id":"https:\/\/moottoripalvelu.fi\/","url":"https:\/\/moottoripalvelu.fi\/","name":"Etusivu - Moottoripalvelu.fi","isPartOf":{"@id":"https:\/\/moottoripalvelu.fi\/#website"},"primaryImageOfPage":{"@id":"https:\/\/moottoripalvelu.fi\/#primaryimage"},"image":{"@id":"https:\/\/moottoripalvelu.fi\/#primaryimage"},"thumbnailUrl":"https:\/\/moottoripalvelu.fi\/wp-content\/uploads\/2021\/08\/m1da_400x300.jpg","datePublished":"2021-04-06T08:55:56+00:00","dateModified":"2025-07-28T10:08:30+00:00","description":"Vaihtomoottori henkil\u00f6- ja pakettiautoon. Moottoripalvelu.fi edustaa L\u00e4nsi-Euroopan johtavia vaihtomoottoritehtaita Suomessa. Pyyd\u00e4 tarjous.","breadcrumb":{"@id":"https:\/\/moottoripalvelu.fi\/#breadcrumb"},"inLanguage":"fi","potentialAction":[{"@type":"ReadAction","target":["https:\/\/moottoripalvelu.fi\/"]}]},{"@type":"ImageObject","inLanguage":"fi","@id":"https:\/\/moottoripalvelu.fi\/#primaryimage","url":"https:\/\/moottoripalvelu.fi\/wp-content\/uploads\/2021\/08\/m1da_400x300.jpg","contentUrl":"https:\/\/moottoripalvelu.fi\/wp-content\/uploads\/2021\/08\/m1da_400x300.jpg","width":400,"height":300},{"@type":"BreadcrumbList","@id":"https:\/\/moottoripalvelu.fi\/#breadcrumb","itemListElement":[{"@type":"ListItem","position":1,"name":"Home","item":"https:\/\/moottoripalvelu.fi\/"},{"@type":"ListItem","position":2,"name":"Etusivu"}]},{"@type":"WebSite","@id":"https:\/\/moottoripalvelu.fi\/#website","url":"https:\/\/moottoripalvelu.fi\/","name":"Moottoripalvelu.fi","description":"Moottorit - vaihteistot - kytkimet","publisher":{"@id":"https:\/\/moottoripalvelu.fi\/#organization"},"potentialAction":[{"@type":"SearchAction","target":{"@type":"EntryPoint","urlTemplate":"https:\/\/moottoripalvelu.fi\/?s={search_term_string}"},"query-input":{"@type":"PropertyValueSpecification","valueRequired":true,"valueName":"search_term_string"}}],"inLanguage":"fi"},{"@type":"Organization","@id":"https:\/\/moottoripalvelu.fi\/#organization","name":"Moottoripalvelu.fi","url":"https:\/\/moottoripalvelu.fi\/","logo":{"@type":"ImageObject","inLanguage":"fi","@id":"https:\/\/moottoripalvelu.fi\/#\/schema\/logo\/image\/","url":"https:\/\/moottoripalvelu.fi\/wp-content\/uploads\/2021\/07\/logo_01_450.png","contentUrl":"https:\/\/moottoripalvelu.fi\/wp-content\/uploads\/2021\/07\/logo_01_450.png","width":450,"height":73,"caption":"Moottoripalvelu.fi"},"image":{"@id":"https:\/\/moottoripalvelu.fi\/#\/schema\/logo\/image\/"}}]}},"_links":{"self":[{"href":"https:\/\/moottoripalvelu.fi\/index.php\/wp-json\/wp\/v2\/pages\/9","targetHints":{"allow":["GET"]}}],"collection":[{"href":"https:\/\/moottoripalvelu.fi\/index.php\/wp-json\/wp\/v2\/pages"}],"about":[{"href":"https:\/\/moottoripalvelu.fi\/index.php\/wp-json\/wp\/v2\/types\/page"}],"author":[{"embeddable":true,"href":"https:\/\/moottoripalvelu.fi\/index.php\/wp-json\/wp\/v2\/users\/1"}],"replies":[{"embeddable":true,"href":"https:\/\/moottoripalvelu.fi\/index.php\/wp-json\/wp\/v2\/comments?post=9"}],"version-history":[{"count":120,"href":"https:\/\/moottoripalvelu.fi\/index.php\/wp-json\/wp\/v2\/pages\/9\/revisions"}],"predecessor-version":[{"id":20548,"href":"https:\/\/moottoripalvelu.fi\/index.php\/wp-json\/wp\/v2\/pages\/9\/revisions\/20548"}],"wp:attachment":[{"href":"https:\/\/moottoripalvelu.fi\/index.php\/wp-json\/wp\/v2\/media?parent=9"}],"curies":[{"name":"wp","href":"https:\/\/api.w.org\/{rel}","templated":true}]}}