{"id":16173,"date":"2022-07-01T10:37:43","date_gmt":"2022-07-01T07:37:43","guid":{"rendered":"https:\/\/moottoripalvelu.fi\/?post_type=product&#038;p=16173"},"modified":"2022-07-01T10:37:43","modified_gmt":"2022-07-01T07:37:43","slug":"brj-646_moottori","status":"publish","type":"product","link":"https:\/\/moottoripalvelu.fi\/index.php\/product\/brj-646_moottori\/","title":{"rendered":"BRJ-646_MOOTTORI"},"content":{"rendered":"","protected":false},"excerpt":{"rendered":"<p>S\u00e4hk\u00f6postilla annetun tarjouksen, ja saadun tilauksen mukaisesti toimitamme tehdaskorjatun vaihtomoottorin autoon<\/p>\n<div dir=\"ltr\">FORD C-MAX (II) 1.0 ECOBOOST | BRJ-646 | 21.10.2013 (2014) | 998 cm3 | Bensiini | 92 kW (126 hp) | WF0JXXWPBJDC32785 | M1DA<\/div>\n<div dir=\"ltr\"><\/div>\n<div dir=\"ltr\">Vaihtoehto 2.<\/div>\n<div dir=\"ltr\">\n<p style=\"font-weight: 400;\"><strong>UUDELLEEN VALMISTETTU\u00a0 VAIHTOMOOTTORI made in NL<\/strong><\/p>\n<p><strong>Ford Focus 1.0 Ecoboost, moottoriversio <\/strong><strong>M1DA<\/strong><\/div>\n<div dir=\"ltr\">Moottori SVH 3350\u20ac sis.alv<br \/>\nToimitus 290\u20ac sis.alv<\/div>\n<div dir=\"ltr\"><strong>YHTEENS\u00c4\u00a03640\u20ac sis.alv ja rahti\u00a0<\/strong><\/div>\n<p>&nbsp;<\/p>\n<p><strong>Toimituskulu 290\u20ac<\/strong>, sis\u00e4lt\u00e4\u00e4 uuden moottorin toimituksen ja vanhan kuljetuksen pois. Vanha moottori palautetaan valmistajalle. Laskutamme j\u00e4lkik\u00e4teen 700\u20ac + ALV \u20ac, mik\u00e4li vanhan moottorin lohkossa on\u00a0 ulosp\u00e4in n\u00e4kyv\u00e4 reik\u00e4, haluat pit\u00e4\u00e4 moottorin itsell\u00e4si, tai jos palautus viiv\u00e4styy kohtuuttomasti.<\/p>\n<div dir=\"ltr\">\n<p style=\"font-weight: 400;\"><strong>Toimitus\u00a0<\/strong>4-5 arkip\u00e4iv\u00e4\u00e4<\/p>\n<p style=\"font-weight: 400;\"><strong>TAKUU <\/strong><strong>12 kk ilman km-rajoitusta<\/strong><\/p>\n<p>Ford\u00a0Ecoboost\u00a0-moottorin takuu edellytt\u00e4\u00e4 1000 km\u00a0sis\u00e4\u00e4najoa. Sen j\u00e4lkeen \u00f6ljynvaihto. Takuuaikana \u00f6ljynvaihto enint\u00e4\u00e4n 10 000 km v\u00e4lein. K\u00e4ytett\u00e4v\u00e4 Ford-huolto-ohjeen mukaista\u00a0<a href=\"https:\/\/t.yesware.com\/tt\/18d02d8db8da00efa1273c9425d6df8bc74373f4\/ffd69c3b464436e35d9589df5a392fa9\/cf2036e5e1a940d9b4e61f03b57cff42\/applications.castrol.com\/oilselector\/fi_fi\/c\/recommendation?data=17b5e8a660f149a201b78a79ab7ed0ab\" data-saferedirecturl=\"https:\/\/www.google.com\/url?q=https:\/\/t.yesware.com\/tt\/18d02d8db8da00efa1273c9425d6df8bc74373f4\/ffd69c3b464436e35d9589df5a392fa9\/cf2036e5e1a940d9b4e61f03b57cff42\/applications.castrol.com\/oilselector\/fi_fi\/c\/recommendation?data%3D17b5e8a660f149a201b78a79ab7ed0ab&amp;source=gmail&amp;ust=1656746269105000&amp;usg=AOvVaw3GdibY09p_azelq_gIMWwF\">Castrol Magnatec Stop-Start 5W-20 E<\/a>\u00a0-\u00f6ljy\u00e4.<\/p>\n<\/div>\n<div dir=\"ltr\"><\/div>\n","protected":false},"featured_media":0,"template":"","meta":[],"product_brand":[],"product_cat":[9668],"product_tag":[],"class_list":{"0":"post-16173","1":"product","2":"type-product","3":"status-publish","5":"product_cat-yleinen","7":"first","8":"instock","9":"taxable","10":"shipping-taxable","11":"purchasable","12":"product-type-simple"},"yoast_head":"<!-- This site is optimized with the Yoast SEO plugin v27.3 - https:\/\/yoast.com\/product\/yoast-seo-wordpress\/ -->\n<title>BRJ-646_MOOTTORI - Moottoripalvelu.fi<\/title>\n<meta name=\"robots\" content=\"index, follow, max-snippet:-1, max-image-preview:large, max-video-preview:-1\" \/>\n<link rel=\"canonical\" href=\"https:\/\/moottoripalvelu.fi\/index.php\/product\/brj-646_moottori\/\" \/>\n<meta property=\"og:locale\" content=\"fi_FI\" \/>\n<meta property=\"og:type\" content=\"article\" \/>\n<meta property=\"og:title\" content=\"BRJ-646_MOOTTORI - Moottoripalvelu.fi\" \/>\n<meta property=\"og:description\" content=\"S\u00e4hk\u00f6postilla annetun tarjouksen, ja saadun tilauksen mukaisesti toimitamme tehdaskorjatun vaihtomoottorin autoon FORD C-MAX (II) 1.0 ECOBOOST | BRJ-646 | 21.10.2013 (2014) | 998 cm3 | Bensiini | 92 kW (126 hp) | WF0JXXWPBJDC32785 | M1DA  Vaihtoehto 2.  UUDELLEEN VALMISTETTU\u00a0 VAIHTOMOOTTORI made in NL  Ford Focus 1.0 Ecoboost, moottoriversio M1DA Moottori SVH 3350\u20ac sis.alv Toimitus 290\u20ac sis.alv YHTEENS\u00c4\u00a03640\u20ac sis.alv ja rahti\u00a0 &nbsp;  Toimituskulu 290\u20ac, sis\u00e4lt\u00e4\u00e4 uuden moottorin toimituksen ja vanhan kuljetuksen pois. Vanha moottori palautetaan valmistajalle. Laskutamme j\u00e4lkik\u00e4teen 700\u20ac + ALV \u20ac, mik\u00e4li vanhan moottorin lohkossa on\u00a0 ulosp\u00e4in n\u00e4kyv\u00e4 reik\u00e4, haluat pit\u00e4\u00e4 moottorin itsell\u00e4si, tai jos palautus viiv\u00e4styy kohtuuttomasti.  Toimitus\u00a04-5 arkip\u00e4iv\u00e4\u00e4 TAKUU 12 kk ilman km-rajoitusta Ford\u00a0Ecoboost\u00a0-moottorin takuu edellytt\u00e4\u00e4 1000 km\u00a0sis\u00e4\u00e4najoa. Sen j\u00e4lkeen \u00f6ljynvaihto. Takuuaikana \u00f6ljynvaihto enint\u00e4\u00e4n 10 000 km v\u00e4lein. K\u00e4ytett\u00e4v\u00e4 Ford-huolto-ohjeen mukaista\u00a0Castrol Magnatec Stop-Start 5W-20 E\u00a0-\u00f6ljy\u00e4.\" \/>\n<meta property=\"og:url\" content=\"https:\/\/moottoripalvelu.fi\/index.php\/product\/brj-646_moottori\/\" \/>\n<meta property=\"og:site_name\" content=\"Moottoripalvelu.fi\" \/>\n<meta name=\"twitter:card\" content=\"summary_large_image\" \/>\n<script type=\"application\/ld+json\" class=\"yoast-schema-graph\">{\"@context\":\"https:\\\/\\\/schema.org\",\"@graph\":[{\"@type\":\"WebPage\",\"@id\":\"https:\\\/\\\/moottoripalvelu.fi\\\/index.php\\\/product\\\/brj-646_moottori\\\/\",\"url\":\"https:\\\/\\\/moottoripalvelu.fi\\\/index.php\\\/product\\\/brj-646_moottori\\\/\",\"name\":\"BRJ-646_MOOTTORI - Moottoripalvelu.fi\",\"isPartOf\":{\"@id\":\"https:\\\/\\\/moottoripalvelu.fi\\\/#website\"},\"datePublished\":\"2022-07-01T07:37:43+00:00\",\"breadcrumb\":{\"@id\":\"https:\\\/\\\/moottoripalvelu.fi\\\/index.php\\\/product\\\/brj-646_moottori\\\/#breadcrumb\"},\"inLanguage\":\"fi\",\"potentialAction\":[{\"@type\":\"ReadAction\",\"target\":[\"https:\\\/\\\/moottoripalvelu.fi\\\/index.php\\\/product\\\/brj-646_moottori\\\/\"]}]},{\"@type\":\"BreadcrumbList\",\"@id\":\"https:\\\/\\\/moottoripalvelu.fi\\\/index.php\\\/product\\\/brj-646_moottori\\\/#breadcrumb\",\"itemListElement\":[{\"@type\":\"ListItem\",\"position\":1,\"name\":\"Home\",\"item\":\"https:\\\/\\\/moottoripalvelu.fi\\\/\"},{\"@type\":\"ListItem\",\"position\":2,\"name\":\"Antti Testaa\",\"item\":\"https:\\\/\\\/moottoripalvelu.fi\\\/index.php\\\/antti-testaa\\\/\"},{\"@type\":\"ListItem\",\"position\":3,\"name\":\"BRJ-646_MOOTTORI\"}]},{\"@type\":\"WebSite\",\"@id\":\"https:\\\/\\\/moottoripalvelu.fi\\\/#website\",\"url\":\"https:\\\/\\\/moottoripalvelu.fi\\\/\",\"name\":\"Moottoripalvelu.fi\",\"description\":\"Moottorit - vaihteistot - kytkimet\",\"publisher\":{\"@id\":\"https:\\\/\\\/moottoripalvelu.fi\\\/#organization\"},\"potentialAction\":[{\"@type\":\"SearchAction\",\"target\":{\"@type\":\"EntryPoint\",\"urlTemplate\":\"https:\\\/\\\/moottoripalvelu.fi\\\/?s={search_term_string}\"},\"query-input\":{\"@type\":\"PropertyValueSpecification\",\"valueRequired\":true,\"valueName\":\"search_term_string\"}}],\"inLanguage\":\"fi\"},{\"@type\":\"Organization\",\"@id\":\"https:\\\/\\\/moottoripalvelu.fi\\\/#organization\",\"name\":\"Moottoripalvelu.fi\",\"url\":\"https:\\\/\\\/moottoripalvelu.fi\\\/\",\"logo\":{\"@type\":\"ImageObject\",\"inLanguage\":\"fi\",\"@id\":\"https:\\\/\\\/moottoripalvelu.fi\\\/#\\\/schema\\\/logo\\\/image\\\/\",\"url\":\"https:\\\/\\\/moottoripalvelu.fi\\\/wp-content\\\/uploads\\\/2021\\\/07\\\/logo_01_450.png\",\"contentUrl\":\"https:\\\/\\\/moottoripalvelu.fi\\\/wp-content\\\/uploads\\\/2021\\\/07\\\/logo_01_450.png\",\"width\":450,\"height\":73,\"caption\":\"Moottoripalvelu.fi\"},\"image\":{\"@id\":\"https:\\\/\\\/moottoripalvelu.fi\\\/#\\\/schema\\\/logo\\\/image\\\/\"}}]}<\/script>\n<!-- \/ Yoast SEO plugin. -->","yoast_head_json":{"title":"BRJ-646_MOOTTORI - Moottoripalvelu.fi","robots":{"index":"index","follow":"follow","max-snippet":"max-snippet:-1","max-image-preview":"max-image-preview:large","max-video-preview":"max-video-preview:-1"},"canonical":"https:\/\/moottoripalvelu.fi\/index.php\/product\/brj-646_moottori\/","og_locale":"fi_FI","og_type":"article","og_title":"BRJ-646_MOOTTORI - Moottoripalvelu.fi","og_description":"S\u00e4hk\u00f6postilla annetun tarjouksen, ja saadun tilauksen mukaisesti toimitamme tehdaskorjatun vaihtomoottorin autoon FORD C-MAX (II) 1.0 ECOBOOST | BRJ-646 | 21.10.2013 (2014) | 998 cm3 | Bensiini | 92 kW (126 hp) | WF0JXXWPBJDC32785 | M1DA  Vaihtoehto 2.  UUDELLEEN VALMISTETTU\u00a0 VAIHTOMOOTTORI made in NL  Ford Focus 1.0 Ecoboost, moottoriversio M1DA Moottori SVH 3350\u20ac sis.alv Toimitus 290\u20ac sis.alv YHTEENS\u00c4\u00a03640\u20ac sis.alv ja rahti\u00a0 &nbsp;  Toimituskulu 290\u20ac, sis\u00e4lt\u00e4\u00e4 uuden moottorin toimituksen ja vanhan kuljetuksen pois. Vanha moottori palautetaan valmistajalle. Laskutamme j\u00e4lkik\u00e4teen 700\u20ac + ALV \u20ac, mik\u00e4li vanhan moottorin lohkossa on\u00a0 ulosp\u00e4in n\u00e4kyv\u00e4 reik\u00e4, haluat pit\u00e4\u00e4 moottorin itsell\u00e4si, tai jos palautus viiv\u00e4styy kohtuuttomasti.  Toimitus\u00a04-5 arkip\u00e4iv\u00e4\u00e4 TAKUU 12 kk ilman km-rajoitusta Ford\u00a0Ecoboost\u00a0-moottorin takuu edellytt\u00e4\u00e4 1000 km\u00a0sis\u00e4\u00e4najoa. Sen j\u00e4lkeen \u00f6ljynvaihto. Takuuaikana \u00f6ljynvaihto enint\u00e4\u00e4n 10 000 km v\u00e4lein. K\u00e4ytett\u00e4v\u00e4 Ford-huolto-ohjeen mukaista\u00a0Castrol Magnatec Stop-Start 5W-20 E\u00a0-\u00f6ljy\u00e4.","og_url":"https:\/\/moottoripalvelu.fi\/index.php\/product\/brj-646_moottori\/","og_site_name":"Moottoripalvelu.fi","twitter_card":"summary_large_image","schema":{"@context":"https:\/\/schema.org","@graph":[{"@type":"WebPage","@id":"https:\/\/moottoripalvelu.fi\/index.php\/product\/brj-646_moottori\/","url":"https:\/\/moottoripalvelu.fi\/index.php\/product\/brj-646_moottori\/","name":"BRJ-646_MOOTTORI - Moottoripalvelu.fi","isPartOf":{"@id":"https:\/\/moottoripalvelu.fi\/#website"},"datePublished":"2022-07-01T07:37:43+00:00","breadcrumb":{"@id":"https:\/\/moottoripalvelu.fi\/index.php\/product\/brj-646_moottori\/#breadcrumb"},"inLanguage":"fi","potentialAction":[{"@type":"ReadAction","target":["https:\/\/moottoripalvelu.fi\/index.php\/product\/brj-646_moottori\/"]}]},{"@type":"BreadcrumbList","@id":"https:\/\/moottoripalvelu.fi\/index.php\/product\/brj-646_moottori\/#breadcrumb","itemListElement":[{"@type":"ListItem","position":1,"name":"Home","item":"https:\/\/moottoripalvelu.fi\/"},{"@type":"ListItem","position":2,"name":"Antti Testaa","item":"https:\/\/moottoripalvelu.fi\/index.php\/antti-testaa\/"},{"@type":"ListItem","position":3,"name":"BRJ-646_MOOTTORI"}]},{"@type":"WebSite","@id":"https:\/\/moottoripalvelu.fi\/#website","url":"https:\/\/moottoripalvelu.fi\/","name":"Moottoripalvelu.fi","description":"Moottorit - vaihteistot - kytkimet","publisher":{"@id":"https:\/\/moottoripalvelu.fi\/#organization"},"potentialAction":[{"@type":"SearchAction","target":{"@type":"EntryPoint","urlTemplate":"https:\/\/moottoripalvelu.fi\/?s={search_term_string}"},"query-input":{"@type":"PropertyValueSpecification","valueRequired":true,"valueName":"search_term_string"}}],"inLanguage":"fi"},{"@type":"Organization","@id":"https:\/\/moottoripalvelu.fi\/#organization","name":"Moottoripalvelu.fi","url":"https:\/\/moottoripalvelu.fi\/","logo":{"@type":"ImageObject","inLanguage":"fi","@id":"https:\/\/moottoripalvelu.fi\/#\/schema\/logo\/image\/","url":"https:\/\/moottoripalvelu.fi\/wp-content\/uploads\/2021\/07\/logo_01_450.png","contentUrl":"https:\/\/moottoripalvelu.fi\/wp-content\/uploads\/2021\/07\/logo_01_450.png","width":450,"height":73,"caption":"Moottoripalvelu.fi"},"image":{"@id":"https:\/\/moottoripalvelu.fi\/#\/schema\/logo\/image\/"}}]}},"_links":{"self":[{"href":"https:\/\/moottoripalvelu.fi\/index.php\/wp-json\/wp\/v2\/product\/16173","targetHints":{"allow":["GET"]}}],"collection":[{"href":"https:\/\/moottoripalvelu.fi\/index.php\/wp-json\/wp\/v2\/product"}],"about":[{"href":"https:\/\/moottoripalvelu.fi\/index.php\/wp-json\/wp\/v2\/types\/product"}],"wp:attachment":[{"href":"https:\/\/moottoripalvelu.fi\/index.php\/wp-json\/wp\/v2\/media?parent=16173"}],"wp:term":[{"taxonomy":"product_brand","embeddable":true,"href":"https:\/\/moottoripalvelu.fi\/index.php\/wp-json\/wp\/v2\/product_brand?post=16173"},{"taxonomy":"product_cat","embeddable":true,"href":"https:\/\/moottoripalvelu.fi\/index.php\/wp-json\/wp\/v2\/product_cat?post=16173"},{"taxonomy":"product_tag","embeddable":true,"href":"https:\/\/moottoripalvelu.fi\/index.php\/wp-json\/wp\/v2\/product_tag?post=16173"}],"curies":[{"name":"wp","href":"https:\/\/api.w.org\/{rel}","templated":true}]}}