{"id":20141,"date":"2025-04-16T19:10:54","date_gmt":"2025-04-16T16:10:54","guid":{"rendered":"https:\/\/moottoripalvelu.fi\/?post_type=product&#038;p=20141"},"modified":"2025-04-16T19:44:05","modified_gmt":"2025-04-16T16:44:05","slug":"20141","status":"publish","type":"product","link":"https:\/\/moottoripalvelu.fi\/index.php\/product\/20141\/","title":{"rendered":"LZB-317_moottori"},"content":{"rendered":"","protected":false},"excerpt":{"rendered":"<p>Toimitamme s\u00e4hk\u00f6postila 14.4.25 annetun tarjouksen mukaisesti vaihtomoottorin seuraavaan autoon:<\/p>\n<div>FORD GALAXY (II) 2.0 EcoBoost | LZB-317 | 23.06.2010 (2010) | 1999 cm3 | Bensiini | 149 kW (203 hp) | WF0MXXGBWMAJ07464 | TNWA<\/div>\n<div><\/div>\n<div>\n<p><strong>UUSI VAIHTOMOOTTORI\u00a0<\/strong><\/p>\n<p>Uusi moottori ilman apulaitteita.<\/p>\n<p><strong>Ford Galaxy 2.0 Ecoboost, moottoriversio TNWA<\/strong><strong><br \/>\n<\/strong><strong>Moottori 4395\u20ac sis.alv <\/strong><br \/>\n<strong>Toimituskulu 380\u20ac sis.alv<br \/>\nYHTEENS\u00c4 4775\u20ac sis.alv ja rahtikulut<\/strong><\/p>\n<p>Sis\u00e4lt\u00e4\u00e4 uuden moottorin toimituksen ja vanhan kuljetuksen pois.<br \/>\nVanha moottori palautetaan toimittajalle vaihto-osana.<\/p>\n<p>&nbsp;<\/p>\n<p><strong>Runkopantti<\/strong><\/p>\n<p>Ei perit\u00e4 etuk\u00e4teen. Laskutamme j\u00e4lkik\u00e4teen 1000\u20ac + ALV, mik\u00e4li vanhan moottorin lohkossa on\u00a0 ulosp\u00e4in n\u00e4kyv\u00e4 reik\u00e4, tai jos palautus viiv\u00e4styy kohtuuttomasti.<\/p>\n<p><strong>Takuu 12 kuukautta ilman km-rajoitusta<\/strong><\/p>\n<ul>\n<li>Erillisen ohjeen mukainen 1000 km sis\u00e4\u00e4najo, jonka j\u00e4lkeen vaihdettava \u00f6ljy + suodatin.<\/li>\n<li>\u00d6ljynvaihtov\u00e4li enint\u00e4\u00e4n 6 kk\/10 000 km, riippuen kumpi t\u00e4yttyy ensin<\/li>\n<li>Moottorin optimointi tai muu viritys mit\u00e4t\u00f6i takuun<\/li>\n<\/ul>\n<p><strong>Toimitus<\/strong><\/p>\n<p>5-7 arkip\u00e4iv\u00e4\u00e4. Schenker Cargo NL-FI-NL<\/p>\n<\/div>\n","protected":false},"featured_media":0,"template":"","meta":[],"product_brand":[],"product_cat":[9668],"product_tag":[],"class_list":{"0":"post-20141","1":"product","2":"type-product","3":"status-publish","5":"product_cat-yleinen","7":"first","8":"instock","9":"taxable","10":"shipping-taxable","11":"purchasable","12":"product-type-simple"},"yoast_head":"<!-- This site is optimized with the Yoast SEO plugin v27.3 - https:\/\/yoast.com\/product\/yoast-seo-wordpress\/ -->\n<title>LZB-317_moottori - Moottoripalvelu.fi<\/title>\n<meta name=\"robots\" content=\"index, follow, max-snippet:-1, max-image-preview:large, max-video-preview:-1\" \/>\n<link rel=\"canonical\" href=\"https:\/\/moottoripalvelu.fi\/index.php\/product\/20141\/\" \/>\n<meta property=\"og:locale\" content=\"fi_FI\" \/>\n<meta property=\"og:type\" content=\"article\" \/>\n<meta property=\"og:title\" content=\"LZB-317_moottori - Moottoripalvelu.fi\" \/>\n<meta property=\"og:description\" content=\"Toimitamme s\u00e4hk\u00f6postila 14.4.25 annetun tarjouksen mukaisesti vaihtomoottorin seuraavaan autoon: FORD GALAXY (II) 2.0 EcoBoost | LZB-317 | 23.06.2010 (2010) | 1999 cm3 | Bensiini | 149 kW (203 hp) | WF0MXXGBWMAJ07464 | TNWA    UUSI VAIHTOMOOTTORI\u00a0  Uusi moottori ilman apulaitteita.  Ford Galaxy 2.0 Ecoboost, moottoriversio TNWA Moottori 4395\u20ac sis.alv  Toimituskulu 380\u20ac sis.alv YHTEENS\u00c4 4775\u20ac sis.alv ja rahtikulut  Sis\u00e4lt\u00e4\u00e4 uuden moottorin toimituksen ja vanhan kuljetuksen pois. Vanha moottori palautetaan toimittajalle vaihto-osana.  &nbsp;  Runkopantti  Ei perit\u00e4 etuk\u00e4teen. Laskutamme j\u00e4lkik\u00e4teen 1000\u20ac + ALV, mik\u00e4li vanhan moottorin lohkossa on\u00a0 ulosp\u00e4in n\u00e4kyv\u00e4 reik\u00e4, tai jos palautus viiv\u00e4styy kohtuuttomasti.  Takuu 12 kuukautta ilman km-rajoitusta   Erillisen ohjeen mukainen 1000 km sis\u00e4\u00e4najo, jonka j\u00e4lkeen vaihdettava \u00f6ljy + suodatin.  \u00d6ljynvaihtov\u00e4li enint\u00e4\u00e4n 6 kk\/10 000 km, riippuen kumpi t\u00e4yttyy ensin  Moottorin optimointi tai muu viritys mit\u00e4t\u00f6i takuun  Toimitus  5-7 arkip\u00e4iv\u00e4\u00e4. Schenker Cargo NL-FI-NL\" \/>\n<meta property=\"og:url\" content=\"https:\/\/moottoripalvelu.fi\/index.php\/product\/20141\/\" \/>\n<meta property=\"og:site_name\" content=\"Moottoripalvelu.fi\" \/>\n<meta property=\"article:modified_time\" content=\"2025-04-16T16:44:05+00:00\" \/>\n<meta name=\"twitter:card\" content=\"summary_large_image\" \/>\n<script type=\"application\/ld+json\" class=\"yoast-schema-graph\">{\"@context\":\"https:\\\/\\\/schema.org\",\"@graph\":[{\"@type\":\"WebPage\",\"@id\":\"https:\\\/\\\/moottoripalvelu.fi\\\/index.php\\\/product\\\/20141\\\/\",\"url\":\"https:\\\/\\\/moottoripalvelu.fi\\\/index.php\\\/product\\\/20141\\\/\",\"name\":\"LZB-317_moottori - Moottoripalvelu.fi\",\"isPartOf\":{\"@id\":\"https:\\\/\\\/moottoripalvelu.fi\\\/#website\"},\"datePublished\":\"2025-04-16T16:10:54+00:00\",\"dateModified\":\"2025-04-16T16:44:05+00:00\",\"breadcrumb\":{\"@id\":\"https:\\\/\\\/moottoripalvelu.fi\\\/index.php\\\/product\\\/20141\\\/#breadcrumb\"},\"inLanguage\":\"fi\",\"potentialAction\":[{\"@type\":\"ReadAction\",\"target\":[\"https:\\\/\\\/moottoripalvelu.fi\\\/index.php\\\/product\\\/20141\\\/\"]}]},{\"@type\":\"BreadcrumbList\",\"@id\":\"https:\\\/\\\/moottoripalvelu.fi\\\/index.php\\\/product\\\/20141\\\/#breadcrumb\",\"itemListElement\":[{\"@type\":\"ListItem\",\"position\":1,\"name\":\"Home\",\"item\":\"https:\\\/\\\/moottoripalvelu.fi\\\/\"},{\"@type\":\"ListItem\",\"position\":2,\"name\":\"Antti Testaa\",\"item\":\"https:\\\/\\\/moottoripalvelu.fi\\\/index.php\\\/antti-testaa\\\/\"},{\"@type\":\"ListItem\",\"position\":3,\"name\":\"LZB-317_moottori\"}]},{\"@type\":\"WebSite\",\"@id\":\"https:\\\/\\\/moottoripalvelu.fi\\\/#website\",\"url\":\"https:\\\/\\\/moottoripalvelu.fi\\\/\",\"name\":\"Moottoripalvelu.fi\",\"description\":\"Moottorit - vaihteistot - kytkimet\",\"publisher\":{\"@id\":\"https:\\\/\\\/moottoripalvelu.fi\\\/#organization\"},\"potentialAction\":[{\"@type\":\"SearchAction\",\"target\":{\"@type\":\"EntryPoint\",\"urlTemplate\":\"https:\\\/\\\/moottoripalvelu.fi\\\/?s={search_term_string}\"},\"query-input\":{\"@type\":\"PropertyValueSpecification\",\"valueRequired\":true,\"valueName\":\"search_term_string\"}}],\"inLanguage\":\"fi\"},{\"@type\":\"Organization\",\"@id\":\"https:\\\/\\\/moottoripalvelu.fi\\\/#organization\",\"name\":\"Moottoripalvelu.fi\",\"url\":\"https:\\\/\\\/moottoripalvelu.fi\\\/\",\"logo\":{\"@type\":\"ImageObject\",\"inLanguage\":\"fi\",\"@id\":\"https:\\\/\\\/moottoripalvelu.fi\\\/#\\\/schema\\\/logo\\\/image\\\/\",\"url\":\"https:\\\/\\\/moottoripalvelu.fi\\\/wp-content\\\/uploads\\\/2021\\\/07\\\/logo_01_450.png\",\"contentUrl\":\"https:\\\/\\\/moottoripalvelu.fi\\\/wp-content\\\/uploads\\\/2021\\\/07\\\/logo_01_450.png\",\"width\":450,\"height\":73,\"caption\":\"Moottoripalvelu.fi\"},\"image\":{\"@id\":\"https:\\\/\\\/moottoripalvelu.fi\\\/#\\\/schema\\\/logo\\\/image\\\/\"}}]}<\/script>\n<!-- \/ Yoast SEO plugin. -->","yoast_head_json":{"title":"LZB-317_moottori - Moottoripalvelu.fi","robots":{"index":"index","follow":"follow","max-snippet":"max-snippet:-1","max-image-preview":"max-image-preview:large","max-video-preview":"max-video-preview:-1"},"canonical":"https:\/\/moottoripalvelu.fi\/index.php\/product\/20141\/","og_locale":"fi_FI","og_type":"article","og_title":"LZB-317_moottori - Moottoripalvelu.fi","og_description":"Toimitamme s\u00e4hk\u00f6postila 14.4.25 annetun tarjouksen mukaisesti vaihtomoottorin seuraavaan autoon: FORD GALAXY (II) 2.0 EcoBoost | LZB-317 | 23.06.2010 (2010) | 1999 cm3 | Bensiini | 149 kW (203 hp) | WF0MXXGBWMAJ07464 | TNWA    UUSI VAIHTOMOOTTORI\u00a0  Uusi moottori ilman apulaitteita.  Ford Galaxy 2.0 Ecoboost, moottoriversio TNWA Moottori 4395\u20ac sis.alv  Toimituskulu 380\u20ac sis.alv YHTEENS\u00c4 4775\u20ac sis.alv ja rahtikulut  Sis\u00e4lt\u00e4\u00e4 uuden moottorin toimituksen ja vanhan kuljetuksen pois. Vanha moottori palautetaan toimittajalle vaihto-osana.  &nbsp;  Runkopantti  Ei perit\u00e4 etuk\u00e4teen. Laskutamme j\u00e4lkik\u00e4teen 1000\u20ac + ALV, mik\u00e4li vanhan moottorin lohkossa on\u00a0 ulosp\u00e4in n\u00e4kyv\u00e4 reik\u00e4, tai jos palautus viiv\u00e4styy kohtuuttomasti.  Takuu 12 kuukautta ilman km-rajoitusta   Erillisen ohjeen mukainen 1000 km sis\u00e4\u00e4najo, jonka j\u00e4lkeen vaihdettava \u00f6ljy + suodatin.  \u00d6ljynvaihtov\u00e4li enint\u00e4\u00e4n 6 kk\/10 000 km, riippuen kumpi t\u00e4yttyy ensin  Moottorin optimointi tai muu viritys mit\u00e4t\u00f6i takuun  Toimitus  5-7 arkip\u00e4iv\u00e4\u00e4. Schenker Cargo NL-FI-NL","og_url":"https:\/\/moottoripalvelu.fi\/index.php\/product\/20141\/","og_site_name":"Moottoripalvelu.fi","article_modified_time":"2025-04-16T16:44:05+00:00","twitter_card":"summary_large_image","schema":{"@context":"https:\/\/schema.org","@graph":[{"@type":"WebPage","@id":"https:\/\/moottoripalvelu.fi\/index.php\/product\/20141\/","url":"https:\/\/moottoripalvelu.fi\/index.php\/product\/20141\/","name":"LZB-317_moottori - Moottoripalvelu.fi","isPartOf":{"@id":"https:\/\/moottoripalvelu.fi\/#website"},"datePublished":"2025-04-16T16:10:54+00:00","dateModified":"2025-04-16T16:44:05+00:00","breadcrumb":{"@id":"https:\/\/moottoripalvelu.fi\/index.php\/product\/20141\/#breadcrumb"},"inLanguage":"fi","potentialAction":[{"@type":"ReadAction","target":["https:\/\/moottoripalvelu.fi\/index.php\/product\/20141\/"]}]},{"@type":"BreadcrumbList","@id":"https:\/\/moottoripalvelu.fi\/index.php\/product\/20141\/#breadcrumb","itemListElement":[{"@type":"ListItem","position":1,"name":"Home","item":"https:\/\/moottoripalvelu.fi\/"},{"@type":"ListItem","position":2,"name":"Antti Testaa","item":"https:\/\/moottoripalvelu.fi\/index.php\/antti-testaa\/"},{"@type":"ListItem","position":3,"name":"LZB-317_moottori"}]},{"@type":"WebSite","@id":"https:\/\/moottoripalvelu.fi\/#website","url":"https:\/\/moottoripalvelu.fi\/","name":"Moottoripalvelu.fi","description":"Moottorit - vaihteistot - kytkimet","publisher":{"@id":"https:\/\/moottoripalvelu.fi\/#organization"},"potentialAction":[{"@type":"SearchAction","target":{"@type":"EntryPoint","urlTemplate":"https:\/\/moottoripalvelu.fi\/?s={search_term_string}"},"query-input":{"@type":"PropertyValueSpecification","valueRequired":true,"valueName":"search_term_string"}}],"inLanguage":"fi"},{"@type":"Organization","@id":"https:\/\/moottoripalvelu.fi\/#organization","name":"Moottoripalvelu.fi","url":"https:\/\/moottoripalvelu.fi\/","logo":{"@type":"ImageObject","inLanguage":"fi","@id":"https:\/\/moottoripalvelu.fi\/#\/schema\/logo\/image\/","url":"https:\/\/moottoripalvelu.fi\/wp-content\/uploads\/2021\/07\/logo_01_450.png","contentUrl":"https:\/\/moottoripalvelu.fi\/wp-content\/uploads\/2021\/07\/logo_01_450.png","width":450,"height":73,"caption":"Moottoripalvelu.fi"},"image":{"@id":"https:\/\/moottoripalvelu.fi\/#\/schema\/logo\/image\/"}}]}},"_links":{"self":[{"href":"https:\/\/moottoripalvelu.fi\/index.php\/wp-json\/wp\/v2\/product\/20141","targetHints":{"allow":["GET"]}}],"collection":[{"href":"https:\/\/moottoripalvelu.fi\/index.php\/wp-json\/wp\/v2\/product"}],"about":[{"href":"https:\/\/moottoripalvelu.fi\/index.php\/wp-json\/wp\/v2\/types\/product"}],"wp:attachment":[{"href":"https:\/\/moottoripalvelu.fi\/index.php\/wp-json\/wp\/v2\/media?parent=20141"}],"wp:term":[{"taxonomy":"product_brand","embeddable":true,"href":"https:\/\/moottoripalvelu.fi\/index.php\/wp-json\/wp\/v2\/product_brand?post=20141"},{"taxonomy":"product_cat","embeddable":true,"href":"https:\/\/moottoripalvelu.fi\/index.php\/wp-json\/wp\/v2\/product_cat?post=20141"},{"taxonomy":"product_tag","embeddable":true,"href":"https:\/\/moottoripalvelu.fi\/index.php\/wp-json\/wp\/v2\/product_tag?post=20141"}],"curies":[{"name":"wp","href":"https:\/\/api.w.org\/{rel}","templated":true}]}}